1 + (-12)/(-8))*c. Let o(d) = -2*d + 4. Give o(r).
14
Let a(o) be the first derivative of -o**4/4 + o**3 + 2*o**2 - 2*o - 66. Determine a(3).
10
Let b(o) be the first derivative of -o**3/3 + 3*o**2/2 - 3*o + 49. Determine b(-5).
-43
Let p(y) = y**2 + 2*y - 3. Let v = -118 + 129. Suppose -q + 4*w - 5 = -4, -w = 2*q + v. Give p(q).
12
Let f(t) = 4*t**2 - 9*t + 3. Suppose 1 = -0*z - z, -a + 3*z = -4. Let m(h) = -h**2 + 2*h**2 - 4 - h + 5. Let o(r) = a*f(r) - 3*m(r). What is o(5)?
-5
Let i = 94 + -90. Let l(m) be the second derivative of 1/2*m**3 - m**2 + 1/20*m**5 + m - 1/3*m**4 + 0. What is l(i)?
10
Let l(n) = 4*n**2 + 8*n + 3. Suppose -38*s - 12 = f - 35*s, -5*f - 9 = -2*s. Determine l(f).
15
Let l = -7 - -11. Let x(d) be the third derivative of d**5/60 - d**4/6 + d**3 - d**2 - 7*d. Determine x(l).
6
Let l = -29 + 17. Let c = l - -18. Let j(v) = -c - 5 + 10 - v. Determine j(-5).
4
Suppose 4*h + 20 = 2*p, 0 = p + 2*h + 1 - 15. Let s(l) = l**2 - 6*l - 65. Let t be s(p). Let z(u) = 9*u - 4 - 5 + 6*u**2 - u**3 + 0*u**3. Determine z(t).
5
Suppose -k = 2*k - 5*o + 8, 4*o + 26 = -3*k. Let b(h) = 38*h + 32*h + 0 + 1 - 111*h + 43*h. Give b(k).
-11
Suppose -11*x = 26 - 59. Let w(o) = o**2 + o - 6. What is w(x)?
6
Let j(a) = -2*a + 3. Let g be 20/(-6)*((-351)/(-65))/3. What is j(g)?
15
Let w be (-340)/(-68) + (1 - 0). Let t(a) = a**2 - 9*a + 14. Give t(w).
-4
Let d be (1/(-2))/(2/(-4)). Let z(w) = 2*w - 1 - w**3 + d. Let c = -162 - -160. Give z(c).
4
Let t(x) = -200*x + 102*x - x**3 + 4 + x**2 + 99*x. Suppose c + 6 = 3*c. Suppose c*v + 5 = 14. Calculate t(v).
-11
Let t(m) = -m**3 + 7*m**2 + 2*m - 13. Let b be t(7). Let q(z) = -12*z**2 + 11*z**2 + 0*z**2 + 5*z + b. Give q(4).
5
Suppose -2*s + 12 = s. Suppose 0 = 2*f - s*f + 10. Let b(d) = -4 + 0*d + 8 - 2*d. Determine b(f).
-6
Suppose 5*a - 7*a + 8 = 0. Suppose a = 5*x - 6. Let y(o) = -o**2 + 2*o. What is y(x)?
0
Suppose -c = -q - 13 + 3, -5*c - 15 = 0. Let m = q + 18. Let t(f) be the first derivative of -f**2/2 + 5*f - 1. Give t(m).
0
Suppose -2*l = 2*b - 30, 7*l + 9 = 2*b + 2*l. Suppose m - b = 2*x - m, x + 2*m = 9. Let d(a) = -a**3 + a**2. What is d(x)?
2
Suppose -2*i + 2*t - 4 = 0, -3*t + t = i + 11. Let u(r) = -r**3 - 4*r**2 + 2*r - 5. Let b be u(i). Suppose -n + b = n. Let d(f) = -f**2 + 4*f - 3. Give d(n).
-8
Let g(b) be the first derivative of b**2/2 + 12*b + 290. Give g(-8).
4
Let q(k) = 4*k + 1. Let t(c) = 5*c + 12*c - 19*c. Let b(g) = -3*q(g) - 7*t(g). Give b(6).
9
Let v(n) = -n - 2. Let l be (1 - (15 - 1)) + 3 + -2. Let i be (9/l)/(-2 + (-28)/(-16)). What is v(i)?
-5
Let q(h) = -17*h**2 - 18*h + 18. Let l(t) = -12*t**2 - 12*t + 12. Let u(p) = 7*l(p) - 5*q(p). Determine u(-6).
-6
Let c(p) = -p**2 + 12*p - 40. Let w be c(6). Let j(k) = -k**2 - 6*k - 3. Calculate j(w).
5
Let w(l) be the third derivative of 1/120*l**6 + 0*l - 11/6*l**3 + 0 - 50*l**2 - 1/24*l**4 + 1/5*l**5. Determine w(-12).
1
Let u(s) = -2*s**2 + 144*s - 284. Let z be u(2). Let a(w) = 2*w**2 + 5*w + 3. Calculate a(z).
15
Let a(t) = t. Let p(y) = -16*y - 1 - 14*y + 27*y. Let g(o) = 2*a(o) - p(o). Calculate g(-1).
-4
Let r(t) = 9*t**2 - 1. Let c be (-25)/3 - (-6)/(-9). Let b(p) = 14*p - 74. Let a be b(6). Let d = a + c. Give r(d).
8
Let r(o) = 4*o - 12. Let w be r(4). Suppose 0 = -w*g + g. Suppose -3*y + 0*d - 4*d = 26, g = 5*y + 2*d + 20. Let f(l) = -3*l**2 - 3*l. What is f(y)?
-6
Let d(z) = -z**3 + 2*z**2 - z + 2. Let a(i) be the second derivative of i**5/10 + i**4/12 + i**3/6 - i**2/2 - 3*i. Let p = -82 + 83. Let m be a(p). Give d(m).
-10
Let c(m) = -m - 7. Let b(q) = q. Let z(d) = 3*d + 28. Let p be z(-12). Let t be b(p). Calculate c(t).
1
Let i(z) = -3*z - 4. Let d(n) = -4*n - 4. Let x(h) = 4*d(h) - 5*i(h). Let q(v) = -3*v + 1. Let c be q(1). Let l be c*(4 + -6 + 0). What is x(l)?
0
Let x = 58 + -56. Suppose x*z = -z + 9. Let l(v) = v + 3. What is l(z)?
6
Let d(l) = -l + 1. Let z(h) = h**3 + 3*h**2 - 2*h + 1. Let x(w) = 3*d(w) - z(w). What is x(-3)?
5
Let k(q) = -q - 1 - q + 5*q. Let t(p) = -p**2 - 5*p - 2. Let n(r) = -r**3 - 9*r**2 - 13*r + 3. Let a be n(-7). Let z be t(a). Determine k(z).
5
Let z be 2/3 + (-1 - 64/(-12)). Let f(r) = -r**2 + 11*r - 21. Determine f(z).
9
Suppose -2*w + 5*x + 5 = 0, 7*x = 8*x + 3. Let d(u) = u**3 + 6*u**2 + 4*u - 6. Calculate d(w).
-1
Suppose 619 = -34*m - 133*m - 216. Let r(w) = -1 - 3*w - 6 - 4. Calculate r(m).
4
Suppose -24*h + 60 = -29*h. Let i(k) = k + 20. What is i(h)?
8
Let i(c) = c**2 - 6*c + 6. Let x = -7 - -2. Let t(p) = p**2 - 6*p + 6. Let m(z) = x*t(z) + 4*i(z). Determine m(6).
-6
Let y(b) = -b + 10. Let u be (1/(-2))/(15/(-330)). Calculate y(u).
-1
Let i(b) be the third derivative of -b**6/120 + 2*b**5/15 - 7*b**4/24 - 7*b**3/6 - 86*b**2 - 2*b. Calculate i(6).
23
Let y(z) be the first derivative of 6*z + 1/2*z**2 + 1/4*z**4 + 5/3*z**3 + 18. Determine y(-5).
1
Let d(p) = -1 + p**2 + 0*p - 6*p**2 + 0*p. Suppose -4*r = -8*g + 5*g + 39, 5*g - 65 = 2*r. Let f = 14 - g. Determine d(f).
-6
Let x be (-7 - 5)*4/(-6). Suppose 7 = 5*i - x. Let v(j) = -2*j**2 - i*j + 3*j + 5*j - j. Give v(3).
-6
Let f(w) = -1. Let a(v) = 208*v**2 - 91*v - 91. Let m(l) = -9*l**2 + 4*l + 4. Let p(o) = -4*a(o) - 91*m(o). Let u(c) = -f(c) + p(c). Give u(1).
-12
Let m(l) be the second derivative of -l**4/3 + 3*l**2/2 - 5*l + 4. Give m(-4).
-61
Let p(n) = -2*n + 2. Let x(k) = -9*k + 42. Let l(u) = 5*p(u) - x(u). Give l(0).
-32
Let r(u) = -u**2 + 288*u - 542*u + 248*u - 5. Let x(v) = -v**2 - 2*v - 1. Let h be x(-3). What is r(h)?
3
Let l(d) = d**2 - 7*d - 8. Let z(i) = -2*i**2 + 14*i + 14. Let a(w) = -11*l(w) - 6*z(w). What is a(8)?
12
Let h(u) = u**2 + 3*u - 3. Let t be 5/2*1*(-162)/(-135). Determine h(t).
15
Suppose -4*f - 36 = -2*j, 0*f - 2*f - 6 = 2*j. Let t(b) = b**2 + 7*b - 2. What is t(f)?
-2
Let i(j) be the second derivative of j**3/2 + 3*j**2 + 79*j. Suppose -n - 4*n = 20. Calculate i(n).
-6
Let x(w) = -21*w - 6*w + 15*w**2 + 13 + 1. Let h(j) be the first derivative of 7*j**3/3 - 13*j**2/2 + 7*j + 1. Let c(p) = 13*h(p) - 6*x(p). What is c(6)?
1
Let b(a) be the third derivative of -a**5/60 - 7*a**4/24 + a**3 - 9*a**2. Let u = 136 - 142. Determine b(u).
12
Let c be (1/(-4))/(2/8). Let g be (-9)/3 - (-3)/c. Let h(q) = q**2 + 5*q + 7. What is h(g)?
13
Let s(c) = -c**3 - 6*c**2 - 7*c - 4. Let h = -40 - -40. Suppose h = -2*z + z - 5. What is s(z)?
6
Let x(l) be the second derivative of -l**3/3 - l**2 - 3*l. Let r(k) = -k**3 - 7*k**2 - 12*k - 7. Suppose -10 = 8*p - 6*p. Let y be r(p). Calculate x(y).
-8
Let v(n) = -3*n + 3. Let b be v(0). Suppose 0 = b*w - 4*h + 3, w + 0*w - 3*h = -1. Let d(t) be the second derivative of t**5/10 + t**4/12 - t. Calculate d(w).
-1
Let n(j) be the first derivative of -5*j**2 + 79*j + 252. What is n(8)?
-1
Let l(x) = x**2 - 4*x - 1. Suppose -3*q + 2*d - 9 + 28 = 0, 7 = 3*q + 4*d. Let a(n) = -5*n**2 + 5*n + n**3 - 6 - n - 2*n. Let b be a(q). Determine l(b).
-1
Suppose 0*c + 4*c = 0, 3*m - 3*c = 0. Let a(o) = 2*o - 10. Determine a(m).
-10
Let b(p) = -12*p**2 + 2*p + 1. Let i = 24 + -22. Suppose -43 = i*c - 41. Give b(c).
-13
Let i(p) = 3*p + 6. Let q = -12 + 8. What is i(q)?
-6
Let a(y) be the third derivative of y**6/120 + y**5/30 + y**4/12 + y**3/6 - 2*y**2 - 7. Determine a(-2).
-3
Let s(n) = 5*n - 9. Let c be s(3). Let g(l) = 9*l - 2 + 3*l - c*l. Suppose -5*h = -15, 4*k - 12 = -h - 1. Give g(k).
10
Let r(m) = m - 19. Let h be r(30). Let n(j) = -2*j + 16. Give n(h).
-6
Let h(q) = q**2 - 11*q. Suppose -6*y + 18 = 3*y. Suppose -5*k - y = 13, 2*l - k - 23 = 0. Calculate h(l).
-10
Let a(r) = r**2 - 7. Suppose 507 = -12*m + 591. Calculate a(m).
42
Let x(q) = -9*q - 1. Suppose -3*r = 18 - 60. Suppose -13*j - j - r = 0. Give x(j).
8
Suppose 28*y - 29*y = 0. Let o(g) = -g**2 + 16*g - 10*g - 7 + y. Determine o(7).
-14
Let l(s) = s**3 - 4*s**2 + 7*s - 6. Let k be l(3). Let q(m) = -3*m + 4 - 3*m + 1. Let y(d) = d - 1. Let g(h) = q(h) + 5*y(h). Calculate g(k).
-6
Suppose 13*s - 55 = 24*s. Let x(j) = j**3 + 6*j**2 + 3*j - 6. Let l be x(-5). Let w(u) = -u**3 + 7*u + u - 2*u - l*u**2. What is w(s)?
-5
Let s be 2/(-2) + (2 - 7). Let t be 2 + 3 - s/(-2). Let j(x) = x**3 + x**2 - x - 2. What is j(t)?
8
Let n be 1 - -1 - 24/2. Let c = -10 - n. Suppose c = 4*b - 3*b + 3. Let r(g) = -g**2 - 3*g - 2. Cal